{"id":2,"date":"2013-10-07T08:19:27","date_gmt":"2013-10-07T08:19:27","guid":{"rendered":"http:\/\/www.associationdemarie.org\/blog\/?page_id=2"},"modified":"2026-01-24T21:37:49","modified_gmt":"2026-01-24T20:37:49","slug":"accueil","status":"publish","type":"page","link":"https:\/\/www.associationdemarie.org\/blog\/","title":{"rendered":"Accueil"},"content":{"rendered":"<form role=\"search\" method=\"get\" action=\"https:\/\/www.associationdemarie.org\/blog\/\" style=\"margin-top:var(--wp--preset--spacing--30);margin-bottom:var(--wp--preset--spacing--30);\" class=\"wp-block-search__button-outside wp-block-search__text-button wp-block-search\"    ><label class=\"wp-block-search__label has-medium-font-size\" for=\"wp-block-search__input-1\" >Rechercher un article<\/label><div class=\"wp-block-search__inside-wrapper\"  style=\"width: 100%\"><input class=\"wp-block-search__input has-medium-font-size\" id=\"wp-block-search__input-1\" placeholder=\"Nom de l&apos;article\u2026\" value=\"\" type=\"search\" name=\"s\" required \/><button aria-label=\"Rechercher\" class=\"wp-block-search__button has-medium-font-size wp-element-button\" type=\"submit\" >Rechercher<\/button><\/div><\/form>\n\n\n<div class=\"wp-block-columns is-layout-flex wp-container-core-columns-is-layout-28f84493 wp-block-columns-is-layout-flex\">\n<div class=\"wp-block-column is-layout-flow wp-block-column-is-layout-flow\" style=\"flex-basis:66.66%\">\n<div class=\"wp-block-query is-layout-flow wp-block-query-is-layout-flow\"><ul class=\"wp-block-post-template is-layout-flow wp-block-post-template-is-layout-flow\"><li class=\"wp-block-post post-26745 post type-post status-publish format-standard has-post-thumbnail hentry category-ecritures category-enseignement-2 tag-jesus-christ tag-pere tag-st-jean-paul-2\">\n<h2 class=\"wp-block-post-title\"><a href=\"https:\/\/www.associationdemarie.org\/blog\/celui-qui-ma-vu-a-vu-le-pere-2\/\" target=\"_self\" >\u00ab Celui qui m\u2019a vu a vu le P\u00e8re. \u00bb<\/a><\/h2>\n\n<figure class=\"alignwide wp-block-post-featured-image\"><a href=\"https:\/\/www.associationdemarie.org\/blog\/celui-qui-ma-vu-a-vu-le-pere-2\/\" target=\"_self\"  ><img loading=\"lazy\" decoding=\"async\" width=\"1296\" height=\"1167\" src=\"https:\/\/www.associationdemarie.org\/blog\/wp-content\/uploads\/2026\/04\/St-Jean17.png\" class=\"attachment-post-thumbnail size-post-thumbnail wp-post-image\" alt=\"\u00ab Celui qui m\u2019a vu a vu le P\u00e8re. \u00bb\" style=\"object-fit:cover;\" srcset=\"https:\/\/www.associationdemarie.org\/blog\/wp-content\/uploads\/2026\/04\/St-Jean17.png 1296w, https:\/\/www.associationdemarie.org\/blog\/wp-content\/uploads\/2026\/04\/St-Jean17-300x270.png 300w, https:\/\/www.associationdemarie.org\/blog\/wp-content\/uploads\/2026\/04\/St-Jean17-1024x922.png 1024w, https:\/\/www.associationdemarie.org\/blog\/wp-content\/uploads\/2026\/04\/St-Jean17-768x692.png 768w\" sizes=\"auto, (max-width: 1296px) 100vw, 1296px\" \/><\/a><\/figure>\n\n<div class=\"wp-block-post-excerpt\"><p class=\"wp-block-post-excerpt__excerpt\">Les paroles de l&rsquo;\u00c9vangile sont le point de d\u00e9part de notre r\u00e9flexion, qui nous montrent en J\u00e9sus le Fils et le R\u00e9v\u00e9lateur du P\u00e8re. Son enseignement, son minist\u00e8re, son style m\u00eame de vie, tout en Lui nous renvoie au P\u00e8re (cf. Jn 5, 19.36\u00a0; 8, 28\u00a0; 14, 10\u00a0; 17, 6). Il est le centre de\u2026 <\/p><\/div>\n\n\n<hr class=\"wp-block-separator has-css-opacity\"\/>\n\n\n<div class=\"wp-block-post-date\"><time datetime=\"2026-05-02T01:22:00+01:00\">2 mai 2026<\/time><\/div>\n<\/li><li class=\"wp-block-post post-26742 post type-post status-publish format-standard has-post-thumbnail hentry category-ecritures category-enseignement-2 tag-bienheureux-columba-marmion tag-chemin tag-jesus tag-ste-trinite\">\n<h2 class=\"wp-block-post-title\"><a href=\"https:\/\/www.associationdemarie.org\/blog\/jesus-chemin-vers-la-trinite\/\" target=\"_self\" >J\u00e9sus, chemin vers la Trinit\u00e9<\/a><\/h2>\n\n<figure class=\"alignwide wp-block-post-featured-image\"><a href=\"https:\/\/www.associationdemarie.org\/blog\/jesus-chemin-vers-la-trinite\/\" target=\"_self\"  ><img loading=\"lazy\" decoding=\"async\" width=\"411\" height=\"550\" src=\"https:\/\/www.associationdemarie.org\/blog\/wp-content\/uploads\/2026\/04\/icone.jpg\" class=\"attachment-post-thumbnail size-post-thumbnail wp-post-image\" alt=\"J\u00e9sus, chemin vers la Trinit\u00e9\" style=\"object-fit:cover;\" srcset=\"https:\/\/www.associationdemarie.org\/blog\/wp-content\/uploads\/2026\/04\/icone.jpg 411w, https:\/\/www.associationdemarie.org\/blog\/wp-content\/uploads\/2026\/04\/icone-224x300.jpg 224w\" sizes=\"auto, (max-width: 411px) 100vw, 411px\" \/><\/a><\/figure>\n\n<div class=\"wp-block-post-excerpt\"><p class=\"wp-block-post-excerpt__excerpt\">\u00ab\u00a0Je suis la voie\u00a0\u00bb (Jn 14,6). Entre toute cr\u00e9ature et Dieu, il y a l\u2019infini. Les anges, sans l\u2019\u00e9l\u00e9vation surnaturelle, sont \u00e0 une distance incommensurable de la divinit\u00e9. Dieu seul, de par sa nature, se voit tel qu\u2019il est\u00a0; lui seul a le droit de plonger le regard dans la profondeur de ses perfections. Les\u2026 <\/p><\/div>\n\n\n<hr class=\"wp-block-separator has-css-opacity\"\/>\n\n\n<div class=\"wp-block-post-date\"><time datetime=\"2026-05-01T01:24:00+01:00\">1 mai 2026<\/time><\/div>\n<\/li><li class=\"wp-block-post post-26739 post type-post status-publish format-standard has-post-thumbnail hentry category-ecritures category-enseignement-2 category-priere-des-ames tag-ame tag-eglise tag-st-padre-pio\">\n<h2 class=\"wp-block-post-title\"><a href=\"https:\/\/www.associationdemarie.org\/blog\/recevoir-celui-que-jenvoie-cest-me-recevoir-moi-meme-4\/\" target=\"_self\" >\u00ab\u00a0Recevoir celui que j&rsquo;envoie, c&rsquo;est me recevoir moi-m\u00eame.\u00a0\u00bb<\/a><\/h2>\n\n<figure class=\"alignwide wp-block-post-featured-image\"><a href=\"https:\/\/www.associationdemarie.org\/blog\/recevoir-celui-que-jenvoie-cest-me-recevoir-moi-meme-4\/\" target=\"_self\"  ><img loading=\"lazy\" decoding=\"async\" width=\"1440\" height=\"1440\" src=\"https:\/\/www.associationdemarie.org\/blog\/wp-content\/uploads\/2026\/04\/497544691_1041900231409109_8986263082693239440_n.jpg\" class=\"attachment-post-thumbnail size-post-thumbnail wp-post-image\" alt=\"\u00ab\u00a0Recevoir celui que j&rsquo;envoie, c&rsquo;est me recevoir moi-m\u00eame.\u00a0\u00bb\" style=\"object-fit:cover;\" srcset=\"https:\/\/www.associationdemarie.org\/blog\/wp-content\/uploads\/2026\/04\/497544691_1041900231409109_8986263082693239440_n.jpg 1440w, https:\/\/www.associationdemarie.org\/blog\/wp-content\/uploads\/2026\/04\/497544691_1041900231409109_8986263082693239440_n-300x300.jpg 300w, https:\/\/www.associationdemarie.org\/blog\/wp-content\/uploads\/2026\/04\/497544691_1041900231409109_8986263082693239440_n-1024x1024.jpg 1024w, https:\/\/www.associationdemarie.org\/blog\/wp-content\/uploads\/2026\/04\/497544691_1041900231409109_8986263082693239440_n-150x150.jpg 150w, https:\/\/www.associationdemarie.org\/blog\/wp-content\/uploads\/2026\/04\/497544691_1041900231409109_8986263082693239440_n-768x768.jpg 768w\" sizes=\"auto, (max-width: 1440px) 100vw, 1440px\" \/><\/a><\/figure>\n\n<div class=\"wp-block-post-excerpt\"><p class=\"wp-block-post-excerpt__excerpt\">Apr\u00e8s l&rsquo;amour de notre Seigneur, je te recommande celui de l&rsquo;\u00c9glise, son \u00c9pouse. Elle est en quelque sorte la colombe qui couve et fait na\u00eetre les petits de l&rsquo;\u00c9poux. Rends toujours gr\u00e2ce \u00e0 Dieu d&rsquo;\u00eatre fille de l&rsquo;\u00c9glise, \u00e0 l&rsquo;exemple d&rsquo;un si grand nombre d&rsquo;\u00e2mes qui nous ont pr\u00e9c\u00e9d\u00e9s dans cette voie bienheureuse. Aie beaucoup\u2026 <\/p><\/div>\n\n\n<hr class=\"wp-block-separator has-css-opacity\"\/>\n\n\n<div class=\"wp-block-post-date\"><time datetime=\"2026-04-30T01:13:00+01:00\">30 avril 2026<\/time><\/div>\n<\/li><\/ul><\/div>\n<\/div>\n\n\n\n<div class=\"wp-block-column is-layout-flow wp-block-column-is-layout-flow\" style=\"flex-basis:33.33%\">\n<h3 class=\"wp-block-heading\">Lien utiles<\/h3>\n\n\n\n<p class=\"has-medium-font-size\"><a href=\"https:\/\/associationdemarie.wixsite.com\/my-site\" target=\"_blank\" rel=\"noreferrer noopener\">Visitez notre site<\/a><br><a href=\"https:\/\/associationdemarie.org\/archives\/\" target=\"_blank\" rel=\"noreferrer noopener\">Articles archiv\u00e9s<\/a><br><a href=\"https:\/\/www.facebook.com\/La-Maison-de-Marie-dArdouane-2017-1800442343603610\" target=\"_blank\" rel=\"noreferrer noopener\">Facebook<\/a><br><a href=\"http:\/\/facebook.com\/groups\/619099308892538\">Groupe Facebook<\/a><br><a href=\"https:\/\/actionpelican2.wixsite.com\/action-p-lican\/presentation\">Action P\u00e9lican<\/a><br><a href=\"https:\/\/fdddmmater.wixsite.com\/fondation-dmm\">Fondation DMM<\/a><br><a href=\"https:\/\/www.payasso.fr\/fondation-domina-magistra-mater\/dons\">Faire un don<\/a><\/p>\n<\/div>\n<\/div>\n","protected":false},"excerpt":{"rendered":"<p>Lien utiles Visitez notre siteArticles archiv\u00e9sFacebookGroupe FacebookAction P\u00e9licanFondation DMMFaire un don<\/p>\n","protected":false},"author":1,"featured_media":0,"parent":0,"menu_order":0,"comment_status":"closed","ping_status":"closed","template":"","meta":{"footnotes":""},"class_list":["post-2","page","type-page","status-publish","hentry"],"_links":{"self":[{"href":"https:\/\/www.associationdemarie.org\/blog\/wp-json\/wp\/v2\/pages\/2","targetHints":{"allow":["GET"]}}],"collection":[{"href":"https:\/\/www.associationdemarie.org\/blog\/wp-json\/wp\/v2\/pages"}],"about":[{"href":"https:\/\/www.associationdemarie.org\/blog\/wp-json\/wp\/v2\/types\/page"}],"author":[{"embeddable":true,"href":"https:\/\/www.associationdemarie.org\/blog\/wp-json\/wp\/v2\/users\/1"}],"replies":[{"embeddable":true,"href":"https:\/\/www.associationdemarie.org\/blog\/wp-json\/wp\/v2\/comments?post=2"}],"version-history":[{"count":31,"href":"https:\/\/www.associationdemarie.org\/blog\/wp-json\/wp\/v2\/pages\/2\/revisions"}],"predecessor-version":[{"id":26470,"href":"https:\/\/www.associationdemarie.org\/blog\/wp-json\/wp\/v2\/pages\/2\/revisions\/26470"}],"wp:attachment":[{"href":"https:\/\/www.associationdemarie.org\/blog\/wp-json\/wp\/v2\/media?parent=2"}],"curies":[{"name":"wp","href":"https:\/\/api.w.org\/{rel}","templated":true}]}}

<form role="search" method="get" action="https://www.associationdemarie.org/blog/" style="margin-top:var(--wp--preset--spacing--30);margin-bottom:var(--wp--preset--spacing--30);" class="wp-block-search__button-outside wp-block-search__text-button wp-block-search"    ><label class="wp-block-search__label has-medium-font-size" for="wp-block-search__input-1" >Rechercher un article</label><div class="wp-block-search__inside-wrapper"  style="width: 100%"><input class="wp-block-search__input has-medium-font-size" id="wp-block-search__input-1" placeholder="Nom de l&apos;article…" value="" type="search" name="s" required /><button aria-label="Rechercher" class="wp-block-search__button has-medium-font-size wp-element-button" type="submit" >Rechercher</button></div></form>


<div class="wp-block-columns is-layout-flex wp-container-core-columns-is-layout-28f84493 wp-block-columns-is-layout-flex">
<div class="wp-block-column is-layout-flow wp-block-column-is-layout-flow" style="flex-basis:66.66%">
<div class="wp-block-query is-layout-flow wp-block-query-is-layout-flow"><ul class="wp-block-post-template is-layout-flow wp-block-post-template-is-layout-flow"><li class="wp-block-post post-26745 post type-post status-publish format-standard has-post-thumbnail hentry category-ecritures category-enseignement-2 tag-jesus-christ tag-pere tag-st-jean-paul-2">
<h2 class="wp-block-post-title"><a href="https://www.associationdemarie.org/blog/celui-qui-ma-vu-a-vu-le-pere-2/" target="_self" >« Celui qui m’a vu a vu le Père. »</a></h2>

<figure class="alignwide wp-block-post-featured-image"><a href="https://www.associationdemarie.org/blog/celui-qui-ma-vu-a-vu-le-pere-2/" target="_self"  ><img loading="lazy" decoding="async" width="1296" height="1167" src="https://www.associationdemarie.org/blog/wp-content/uploads/2026/04/St-Jean17.png" class="attachment-post-thumbnail size-post-thumbnail wp-post-image" alt="« Celui qui m’a vu a vu le Père. »" style="object-fit:cover;" srcset="https://www.associationdemarie.org/blog/wp-content/uploads/2026/04/St-Jean17.png 1296w, https://www.associationdemarie.org/blog/wp-content/uploads/2026/04/St-Jean17-300x270.png 300w, https://www.associationdemarie.org/blog/wp-content/uploads/2026/04/St-Jean17-1024x922.png 1024w, https://www.associationdemarie.org/blog/wp-content/uploads/2026/04/St-Jean17-768x692.png 768w" sizes="auto, (max-width: 1296px) 100vw, 1296px" /></a></figure>

<div class="wp-block-post-excerpt"><p class="wp-block-post-excerpt__excerpt">Les paroles de l&rsquo;Évangile sont le point de départ de notre réflexion, qui nous montrent en Jésus le Fils et le Révélateur du Père. Son enseignement, son ministère, son style même de vie, tout en Lui nous renvoie au Père (cf. Jn 5, 19.36 ; 8, 28 ; 14, 10 ; 17, 6). Il est le centre de… </p></div>


<hr class="wp-block-separator has-css-opacity"/>


<div class="wp-block-post-date"><time datetime="2026-05-02T01:22:00+01:00">2 mai 2026</time></div>
</li><li class="wp-block-post post-26742 post type-post status-publish format-standard has-post-thumbnail hentry category-ecritures category-enseignement-2 tag-bienheureux-columba-marmion tag-chemin tag-jesus tag-ste-trinite">
<h2 class="wp-block-post-title"><a href="https://www.associationdemarie.org/blog/jesus-chemin-vers-la-trinite/" target="_self" >Jésus, chemin vers la Trinité</a></h2>

<figure class="alignwide wp-block-post-featured-image"><a href="https://www.associationdemarie.org/blog/jesus-chemin-vers-la-trinite/" target="_self"  ><img loading="lazy" decoding="async" width="411" height="550" src="https://www.associationdemarie.org/blog/wp-content/uploads/2026/04/icone.jpg" class="attachment-post-thumbnail size-post-thumbnail wp-post-image" alt="Jésus, chemin vers la Trinité" style="object-fit:cover;" srcset="https://www.associationdemarie.org/blog/wp-content/uploads/2026/04/icone.jpg 411w, https://www.associationdemarie.org/blog/wp-content/uploads/2026/04/icone-224x300.jpg 224w" sizes="auto, (max-width: 411px) 100vw, 411px" /></a></figure>

<div class="wp-block-post-excerpt"><p class="wp-block-post-excerpt__excerpt">« Je suis la voie » (Jn 14,6). Entre toute créature et Dieu, il y a l’infini. Les anges, sans l’élévation surnaturelle, sont à une distance incommensurable de la divinité. Dieu seul, de par sa nature, se voit tel qu’il est ; lui seul a le droit de plonger le regard dans la profondeur de ses perfections. Les… </p></div>


<hr class="wp-block-separator has-css-opacity"/>


<div class="wp-block-post-date"><time datetime="2026-05-01T01:24:00+01:00">1 mai 2026</time></div>
</li><li class="wp-block-post post-26739 post type-post status-publish format-standard has-post-thumbnail hentry category-ecritures category-enseignement-2 category-priere-des-ames tag-ame tag-eglise tag-st-padre-pio">
<h2 class="wp-block-post-title"><a href="https://www.associationdemarie.org/blog/recevoir-celui-que-jenvoie-cest-me-recevoir-moi-meme-4/" target="_self" >« Recevoir celui que j&rsquo;envoie, c&rsquo;est me recevoir moi-même. »</a></h2>

<figure class="alignwide wp-block-post-featured-image"><a href="https://www.associationdemarie.org/blog/recevoir-celui-que-jenvoie-cest-me-recevoir-moi-meme-4/" target="_self"  ><img loading="lazy" decoding="async" width="1440" height="1440" src="https://www.associationdemarie.org/blog/wp-content/uploads/2026/04/497544691_1041900231409109_8986263082693239440_n.jpg" class="attachment-post-thumbnail size-post-thumbnail wp-post-image" alt="« Recevoir celui que j&rsquo;envoie, c&rsquo;est me recevoir moi-même. »" style="object-fit:cover;" srcset="https://www.associationdemarie.org/blog/wp-content/uploads/2026/04/497544691_1041900231409109_8986263082693239440_n.jpg 1440w, https://www.associationdemarie.org/blog/wp-content/uploads/2026/04/497544691_1041900231409109_8986263082693239440_n-300x300.jpg 300w, https://www.associationdemarie.org/blog/wp-content/uploads/2026/04/497544691_1041900231409109_8986263082693239440_n-1024x1024.jpg 1024w, https://www.associationdemarie.org/blog/wp-content/uploads/2026/04/497544691_1041900231409109_8986263082693239440_n-150x150.jpg 150w, https://www.associationdemarie.org/blog/wp-content/uploads/2026/04/497544691_1041900231409109_8986263082693239440_n-768x768.jpg 768w" sizes="auto, (max-width: 1440px) 100vw, 1440px" /></a></figure>

<div class="wp-block-post-excerpt"><p class="wp-block-post-excerpt__excerpt">Après l&rsquo;amour de notre Seigneur, je te recommande celui de l&rsquo;Église, son Épouse. Elle est en quelque sorte la colombe qui couve et fait naître les petits de l&rsquo;Époux. Rends toujours grâce à Dieu d&rsquo;être fille de l&rsquo;Église, à l&rsquo;exemple d&rsquo;un si grand nombre d&rsquo;âmes qui nous ont précédés dans cette voie bienheureuse. Aie beaucoup… </p></div>


<hr class="wp-block-separator has-css-opacity"/>


<div class="wp-block-post-date"><time datetime="2026-04-30T01:13:00+01:00">30 avril 2026</time></div>
</li></ul></div>
</div>



<div class="wp-block-column is-layout-flow wp-block-column-is-layout-flow" style="flex-basis:33.33%">
<h3 class="wp-block-heading">Lien utiles</h3>



<p class="has-medium-font-size"><a href="https://associationdemarie.wixsite.com/my-site" target="_blank" rel="noreferrer noopener">Visitez notre site</a><br><a href="https://associationdemarie.org/archives/" target="_blank" rel="noreferrer noopener">Articles archivés</a><br><a href="https://www.facebook.com/La-Maison-de-Marie-dArdouane-2017-1800442343603610" target="_blank" rel="noreferrer noopener">Facebook</a><br><a href="http://facebook.com/groups/619099308892538">Groupe Facebook</a><br><a href="https://actionpelican2.wixsite.com/action-p-lican/presentation">Action Pélican</a><br><a href="https://fdddmmater.wixsite.com/fondation-dmm">Fondation DMM</a><br><a href="https://www.payasso.fr/fondation-domina-magistra-mater/dons">Faire un don</a></p>
</div>
</div>

<p>Lien utiles Visitez notre siteArticles archivésFacebookGroupe FacebookAction PélicanFondation DMMFaire un don</p>
